?
False
Is 934 a factor of 51030024?
True
Is 938 a factor of 475235824?
True
Does 856 divide 66916088?
True
Does 829 divide 15514181?
False
Is 521498822 a multiple of 1294?
True
Does 828 divide 166717697?
False
Does 17 divide 5201018?
False
Is 93 a factor of 10899223?
False
Is 215 a factor of 31114585?
True
Is 24624024 a multiple of 6?
True
Does 623 divide 766271310?
True
Is 3 a factor of 52933798?
False
Is 330590462 a multiple of 574?
False
Does 897 divide 1404092934?
False
Is 302 a factor of 733147582?
True
Does 2469 divide 40640845?
False
Does 584 divide 6317128?
True
Does 8 divide 66528248?
True
Is 313689822 a multiple of 9?
False
Is 1835813625 a multiple of 8081?
False
Is 14778926 a multiple of 288?
False
Does 143 divide 1043119792?
True
Does 4088 divide 225477728?
True
Is 74 a factor of 306333360?
True
Is 12 a factor of 262180614?
False
Is 69 a factor of 45103781?
False
Does 60 divide 29281860?
True
Is 20722234 a multiple of 13?
True
Is 1442358237 a multiple of 68?
False
Is 3239309282 a multiple of 946?
True
Is 252 a factor of 17575740?
True
Does 3313 divide 168868398?
False
Does 3049 divide 58226753?
True
Does 35 divide 21389431?
False
Is 87 a factor of 2152854207?
False
Is 34 a factor of 536122302?
True
Is 2006 a factor of 285138858?
True
Is 244459198 a multiple of 655?
False
Is 168623680 a multiple of 1784?
True
Does 22 divide 1057854887?
False
Is 535 a factor of 230276020?
False
Does 996 divide 24822312?
True
Does 574 divide 139709304?
True
Is 751 a factor of 193346141?
False
Is 105007759 a multiple of 4?
False
Is 6052679 a multiple of 44?
False
Is 54 a factor of 1330123990?
False
Does 13 divide 46889885?
False
Does 1015 divide 1329615271?
False
Is 232691850 a multiple of 142?
True
Is 6255000000 a multiple of 8340?
True
Does 54 divide 943093053?
False
Is 15560639 a multiple of 509?
True
Does 11 divide 725340459?
False
Does 1065 divide 18763170?
True
Is 13088447 a multiple of 8?
False
Is 2915748394 a multiple of 1586?
True
Does 5095 divide 2814671610?
True
Is 26654194 a multiple of 14?
True
Is 26 a factor of 71352476?
True
Is 6 a factor of 50938008?
True
Does 358 divide 363994710?
True
Is 18 a factor of 469669122?
True
Does 333 divide 241045047?
True
Is 1364234740 a multiple of 355?
False
Is 590 a factor of 459551590?
True
Is 323130227 a multiple of 2565?
False
Does 190 divide 3770740?
True
Is 3 a factor of 6061770?
True
Is 4335930 a multiple of 270?
True
Is 372212114 a multiple of 46?
False
Does 4039 divide 516733504?
True
Is 34 a factor of 2485850772?
True
Is 2774336178 a multiple of 258?
True
Does 734 divide 37712186?
True
Is 7462129 a multiple of 125?
False
Is 895 a factor of 22334725?
True
Does 4397 divide 206993172?
True
Is 2611 a factor of 546703737?
False
Is 91 a factor of 8539167?
True
Is 67 a factor of 74605027?
False
Does 16 divide 266331456?
True
Is 34431033 a multiple of 21?
True
Does 375 divide 123744000?
True
Is 7800 a factor of 687052632?
False
Does 184 divide 569637504?
True
Does 7 divide 381786590?
False
Is 380704165 a multiple of 29?
False
Does 56 divide 22884736?
True
Does 1211 divide 85608012?
True
Is 462 a factor of 45415062?
True
Is 607 a factor of 8854212?
False
Is 3236584244 a multiple of 412?
True
Does 148 divide 41381540?
True
Does 2070 divide 59647258?
False
Is 15 a factor of 54725880?
True
Is 2 a factor of 838573022?
True
Does 13 divide 58942398?
False
Is 438506064 a multiple of 366?
True
Is 32448988 a multiple of 1222?
True
Does 11 divide 44672617?
True
Is 120 a factor of 120060877?
False
Does 10 divide 2157852470?
True
Does 12 divide 14095008?
True
Does 679 divide 834085646?
False
Does 876 divide 583672668?
True
Does 18 divide 374018958?
True
Is 527541714 a multiple of 945?
False
Is 7 a factor of 24406525?
False
Does 1077 divide 208143174?
True
Does 5 divide 12720412?
False
Does 446 divide 10883738?
True
Does 264 divide 429696960?
True
Is 632761 even?
False
Is 131 a factor of 199877180?
True
Is 21058144 a multiple of 1683?
False
Does 375 divide 181777125?
True
Does 1393 divide 24337092?
False
Is 29050428 a multiple of 12?
True
Is 333 a factor of 38492087?
False
Is 9993132 a multiple of 18?
True
Does 1701 divide 291019587?
False
Is 13 a factor of 84539?
True
Is 6690 a factor of 194108191?
False
Is 584 a factor of 197126864?
True
Is 8 a factor of 314629256?
True
Does 9 divide 839132757?
True
Does 364 divide 1041332656?
True
Is 849 a factor of 2212526171?
False
Is 116746299 a multiple of 24?
False
Is 1348 a factor of 60515203?
False
Does 19 divide 5299271?
True
Does 279 divide 6596710?
False
Is 13833867 a multiple of 437?
False
Does 1409 divide 229988252?
True
Is 216028180 a multiple of 236?
False
Is 110 a factor of 11371226?
False
Does 119 divide 5466979?
True
Does 246 divide 3857257?
False
Does 382 divide 3810326614?
True
Does 2230 divide 11691890?
True
Does 655 divide 808106061?
False
Does 676 divide 63012664?
True
Does 5320 divide 204961871?
False
Is 277796232 a multiple of 1422?
True
Does 20 divide 140675401?
False
Does 2 divide 1405731?
False
Is 11253444 a multiple of 32?
False
Is 2139220525 a multiple of 46?
False
Does 1342 divide 508421407?
False
Is 10 a factor of 499978215?
False
Does 18 divide 19326492?
True
Is 82255180 a multiple of 1819?
True
Does 17 divide 863957?
True
Is 76982128 a multiple of 60?
False
Does 73 divide 44315500?
False
Is 181 a factor of 319812786?
False
Is 1505261817 a multiple of 114?
False
Is 20821914 a multiple of 784?
False
Does 4454 divide 93267781?
False
Does 967 divide 283080547?
True
Does 1118 divide 777596950?
True
Is 124636080 a multiple of 120?
True
Is 2607188886 a multiple of 179?
False
Is 116 a factor of 450006540?
False
Does 1714 divide 52365716?
False
Is 130558260 a multiple of 1995?
False
Is 110419145 a multiple of 60?
False
Is 1269630240 a multiple of 517?
False
Is 2 a factor of 72584452?
True
Is 268978040 a multiple of 20?
True
Does 31 divide 1330121592?
False
Is 71 a factor of 450749464?
True
Is 7677018 a multiple of 27?
True
Is 7512401 a multiple of 1963?
True
Is 32615400 a multiple of 30?
True
Is 458097531 a multiple of 11?
False
Is 83 a factor of 4974576?
False
Does 840 divide 86546805?
False
Is 1765 a factor of 38212934?
False
Is 498530799 a multiple of 5837?
False
Is 15 a factor of 60180425?
False
Is 241 a factor of 77998204?
True
Is 88958956 a multiple of 43?
False
Is 435 a factor of 1056707109?
False
Is 60 a factor of 586255920?
True
Does 47 divide 156867153?
True
Is 1183 a factor of 32155123?
True
Is 18 a factor of 43413804?
True
Is 20844060 a multiple of 10?
True
Is 2173156283 a multiple of 14?
False
Is 4179161 a multiple of 1211?
True
Does 219 divide 53715629?
False
Is 84 a factor of 808680096?
True
Does 998 divide 64101540?
True
Does 183 divide 9133713?
True
Is 859126 a multiple of 26?
False
Is 6 a factor of 296341848?
True
Is 120 a factor of 373255920?
True
Is 1582 a factor of 159617472?
True
Is 527 a factor of 657650361?
False
Is 568772 a multiple of 166?
False
Is 42 a factor of 1289944026?
True
Is 461 a factor of 86846845?
False
Does 63 divide 307021212?
False
Is 446746536 a multiple of 4?
True
Does 4770 divide 1140479197?
False
Is 282652560 a multiple of 18?
True
Is 119440700 a multiple of 50?
True
Is 279232015 a multiple of 420?
False
Is 29 a factor of 16475450?
False
Is 99501291 a multiple of 27?
True
Does 16 divide 14472256?
True
Does 18 divide 9576575?
False
Is 2165 a factor of 12959522?
False
Is 1760264130 a multiple of 9078?
False
Is 5774 a factor of 2762252730?
True
Is 1643 a factor of 5101080218?
False
Does 17 divide 4154936?
True
Does 23 divide 71180559?
False
Is 15 a factor of 679992118?
False
Is 92237760 a multiple of 160?
True
Is 1025 a factor of 1179767825?
True
Is 93309277 a multiple of 233?
True
Does 4 divide 89596700?
True
Is 587 a factor of 1620937249?
False
Does 5 divide 29930290?
True
Is 936 a factor of 499798040?
False
Is 78 a factor of 44168904?
True
Does 2407 divide 199566777?
True
Is 630 a factor of 199039680?
True
Is 1772276626 a multiple of 22?
False
Does 27 divide 5716971?
False
Is 3274 a factor of 118204496?
True
Is 493 a factor of 2990550325?
True
Does 12701 divide 3417764625?
False
Does 65 divide 48344515?
False
Is 434584234 a multiple of 463?
False
Is 70504116 a multiple of 30?
False
Is 897045405 a multiple of